se -t*n - 26 = 38. Let q = n - -22. What is the units digit of q?
6
Suppose 6*b = -4*b + 14420. What is the hundreds digit of b?
4
Suppose 0 = 4*x + 4*k - 2256, -x + 556 = -0*k + 5*k. What is the units digit of x?
6
Let i(d) be the third derivative of -5*d**2 + 5/24*d**4 + 0 + 0*d + 1/60*d**5 - d**3. What is the units digit of i(-10)?
4
Let m(i) = 127*i + 49. What is the hundreds digit of m(8)?
0
Suppose 2*k - 40 = -4*v, 0 = -4*v + 5*k - k + 64. What is the tens digit of v/42 - (-2 - 880/7)?
2
Let u be (-7)/(28/(-160)) - (4 + -2). Let t = 85 - u. What is the units digit of t?
7
Suppose 3*f - 4*h = 4*f - 674, 0 = 5*h - 20. What is the hundreds digit of f?
6
Let x(f) = -f**3 - 47*f**2 - 28*f - 77. What is the tens digit of x(-47)?
3
What is the thousands digit of (-5)/2*(-33544)/70 + 3?
1
Suppose -s = -0*s - 9. Let c(o) = -o**2 + 10*o - 10. Let a be c(s). What is the tens digit of 1/a - (-96)/6?
1
Suppose -3*d + 100 = -2*d - 3*n, n + 190 = 2*d. What is the units digit of (d/8)/(2/8)?
7
Suppose 2*x - 3*x = 4*q - 64, 0 = -q + 2*x + 7. Let l be (6 - (-120)/(-18)) + 32/(-6). Let g = l + q. What is the units digit of g?
9
Let t(b) = -23*b + 14. Suppose 5*l + h - 3*h + 36 = 0, 2*l + 4*h = 0. What is the tens digit of t(l)?
5
Let f(g) = 8*g**2 + 3*g - 11. Let y = -7 - -16. Let h be f(y). What is the units digit of h/14 + 4/7?
8
Suppose -6*t = 16*t - 3740. What is the tens digit of t?
7
Let p(j) = j**3 + j**2 - j + 61. Suppose 6*g = 3*g. What is the units digit of p(g)?
1
Suppose 0 = -r + 1 + 1. Let q be (112/42)/(r/3). What is the units digit of 5/((-5)/q)*-11?
4
Suppose -13*s - 41317 = -92*s. What is the tens digit of s?
2
Suppose 5*r - 36 + 10 = 4*j, 4*r = -2*j. Suppose 2*l - 49 = 3*t, 4*l - 4*t - 46 = r*l. What is the units digit of l?
9
Let n be (-1*12)/(-2 + 0). Let a be (-104)/(-16) - n/4. Suppose -6 = a*y - 176. What is the units digit of y?
4
Let q(n) = 11*n**2 - 2*n + 71. What is the tens digit of q(6)?
5
Suppose -256 = -8*m + 1848. What is the units digit of m?
3
Let a = -43 + 583. What is the units digit of a?
0
Let p = 66 + 1428. What is the thousands digit of p?
1
Suppose -5*s + 3*j = -44, 4*s - 2*j - 1 - 35 = 0. What is the units digit of s?
0
Suppose 5*w - 4870 = 5*d, 4*d - 62 + 50 = 0. What is the tens digit of w?
7
Suppose 4*w - 144 = -6*i + 2*i, 5*w - 201 = 2*i. Suppose -j - t + w = 0, -j + 2*t = -3*t - 51. Let m = j - -1. What is the units digit of m?
2
Let m(w) = w**3 + 18*w**2 + 19*w + 15. Let d be m(-17). Let u = d + 31. What is the units digit of u?
2
Let m = -15 + 27. Suppose -4*b - 2*v = 2*v, 0 = -4*b + 2*v - m. What is the units digit of (-7 - -4)*b/6?
1
Let w be 3 - 2/3*-3. Let c = w + -5. Let z = 9 + c. What is the units digit of z?
9
Let f = -2384 - -1189. Let k be 2/(-4) - f/(-10). What is the units digit of (k/(-9))/(4/12)?
0
Let o be (-18)/4*32/12. Let s = -9 - o. Suppose 2*d + s*d = 10. What is the units digit of d?
2
Suppose -3*p + 3 = 4*t + 17, -4*p + t = 6. Let x be (1/p)/(2/80). What is the units digit of (-8)/4 + x/(-2)?
8
Suppose 377 + 1093 = 6*x. Suppose 5*w + b = -b + x, -2*w + 84 = -2*b. What is the tens digit of w?
4
Let v be 8/32 + 774/8. Suppose b - 62 = 2*t, -3*b + t + v = -64. What is the units digit of b?
2
Let m be ((0/1)/1)/1. Suppose z + m*z - 47 = 0. What is the units digit of z?
7
Let t = 14 - 21. Let d = t + 7. Let a = 23 + d. What is the tens digit of a?
2
Suppose 2 = 2*l - 2. Suppose i + 4 = l*i. Suppose 0 = -5*g - q + i + 33, -4*q - 13 = -3*g. What is the units digit of g?
7
What is the hundreds digit of (-380)/(-7030) + (-176116)/(-74)?
3
Let m be (0/19)/(1/(-1)). Let w(a) = 19*a - 3 + m - 6. What is the tens digit of w(3)?
4
What is the tens digit of (-10 + -12690)/(-10) + 9?
7
Suppose -2*r = -o - 4*o - 3, -5*o = r - 24. Let m = 11 - r. Suppose 2*p = 2*v - 72, 0*p = -m*v + 4*p + 80. What is the tens digit of v?
3
Let y(i) = i - 4. Let n be y(6). Suppose 0 = 31*l - 82 + 20. Suppose l*d = -z + 26, 0 = d - 6*d - n*z + 67. What is the tens digit of d?
1
Suppose 173*k = 178*k - 21025. What is the hundreds digit of k?
2
Let j = -301 + 688. What is the tens digit of j?
8
Suppose -257847 = -74*a - 48649. What is the thousands digit of a?
2
What is the hundreds digit of 5 + 33980/(11 + -1)?
4
Suppose -2*w - 4*v + 502 = 0, 4*w - 7*v = -2*v + 1030. What is the units digit of w?
5
Suppose 41 = 9*r - 4. Suppose -3*o + 84 = i - 107, -o = r*i - 45. What is the tens digit of o?
6
Let a be ((-45)/6)/((-36)/(-48)). Let l(k) be the first derivative of -k**2 - 15*k + 2. What is the units digit of l(a)?
5
Let c = 419 + 41. Suppose z = 6*z - c. What is the units digit of z?
2
Let k = -17 + 31. Let v(c) = c**3 - 13*c**2 - 14*c + 3. Let b be v(k). Suppose -b*d = -36 - 12. What is the units digit of d?
6
Let a(v) = -308*v**3 + 5*v**2 + 11*v + 8. What is the tens digit of a(-2)?
7
Let a(l) = -6*l + 139. What is the hundreds digit of a(-15)?
2
Let i = -32 - -12. Let u be (-572)/i - (-4)/10. Suppose 3*y + 5*c = u, 2*y = c + 3*c + 34. What is the units digit of y?
3
Let r = -22 + 22. Suppose r = -16*m + 19*m - 21. What is the units digit of m?
7
Let z = 127 + -130. What is the units digit of -5 + (-2 - z) - -151?
7
Let z be 168 - -1 - (1 + 2). Suppose -7*u = -9*u + z. Suppose 0*d = 3*d - v - 229, -3*v = d - u. What is the tens digit of d?
7
Suppose 0 = 8*l - 3280 + 1008. What is the hundreds digit of l?
2
Let w = 590 - 260. Suppose 3*z + 2*t - w = t, 4*z - 4*t - 456 = 0. What is the units digit of z?
1
Let h(w) = w - 11. Let c be h(13). Suppose 3*d - 96 = -c*u, -4*d = -2*u + u - 128. Let m = d - -4. What is the tens digit of m?
3
Let g = -10 + 13. Let j = 5 + g. Suppose 5*y + 27 = j*y. What is the units digit of y?
9
Suppose 2*j - 1155 = -5*l, 4*j = -4*l + 260 + 676. What is the hundreds digit of l?
2
Let r = 820 + 328. What is the units digit of r?
8
Let p = -282 + 319. What is the tens digit of p?
3
Let p(f) = f**2 + 18*f + 26. Let q be p(-20). Suppose -2*j + 2*b = -36, -3*j - 16 = -2*b - q. What is the tens digit of j?
1
Suppose 3*g + g - 227 = m, 0 = 5*m + 2*g + 1179. Let q = -153 - m. What is the tens digit of q?
8
Suppose 29618 = 43*g - 36215. What is the hundreds digit of g?
5
What is the tens digit of 20/(280/(-1827))*(-29 - -1)?
5
Suppose -x - 1703 = -t, 64*x = 3*t + 66*x - 5089. What is the units digit of t?
9
Suppose 5*i - 2*r = 2826, 0*i + 5*i - 4*r - 2832 = 0. Suppose -18*m + 22*m = i. What is the tens digit of m?
4
Suppose -4*w + 738 = 5*w. Let m = -56 + w. What is the tens digit of m?
2
Suppose -3*y - 42 = -10*y. What is the units digit of y?
6
Let n(z) be the third derivative of z**5/20 - z**4/4 + z**3/3 + 9*z**2. Let u be n(2). Suppose 0 = -2*q + u, h + 5*q = -0*h + 22. What is the tens digit of h?
1
What is the tens digit of (724/(-10))/(7/(-245))?
3
Let x = 7823 - 4870. What is the units digit of x?
3
Suppose -5*n - 5*w + 200 = 0, 3*n + 4*w - 69 = 56. What is the tens digit of n?
3
Suppose 12*u - 153 = 3771. What is the hundreds digit of u?
3
Let s = 697 - 247. What is the hundreds digit of s?
4
What is the tens digit of 1465/(-10)*(-12)/6?
9
Suppose -5*j + o = 2*o - 16, 0 = j + 2*o + 4. Let u be j/(12/(-15)) + 3. What is the tens digit of 1018/26 + u/13?
3
Let o(n) = 195*n**2 - 60*n - 1. What is the hundreds digit of o(3)?
5
Suppose 45*i - 42*i - 537 = 0. What is the hundreds digit of i?
1
Let u(v) = -v**3 + 37*v**2 + v + 7. What is the tens digit of u(-7)?
5
Suppose v + 0*s + 2 = 4*s, -2*v + 10 = -s. Let l(a) = 1 + 3*a + 5 - 2*a - 4. What is the units digit of l(v)?
8
Suppose -c + 3*j - 5 = 0, 0*c - 5*j + 9 = -c. What is the units digit of -3*c/5 + (-49802)/(-370)?
4
Suppose 51 = 5*z + 1. Let l = 3 - 1. What is the tens digit of 17 + z + l/2?
2
Let w(h) = 18*h**2 - 1. Let z be w(1). Let o = -779 + 787. Suppose -5*c + o = -z. What is the units digit of c?
5
Let d(o) = -11*o + 4. Let k = 5 - 2. Suppose -2*r - q + 9 = -5*r, 0 = r + k*q + 3. What is the units digit of d(r)?
7
Let n = 222 - -2. Suppose 7*p = -3*a + 3*p + n, 0 = -2*a - p + 146. What is the tens digit of a?
7
Let y = 5 - 2. Suppose -3*m - y*r - 6 = 0, 7 + 1 = -4*m - 2*r. Let n = m + 22. What is the units digit of n?
0
Let l be 1/3 + 3/(-7 - 2). Suppose l = -i + 3*u - 63 + 218, -2*u - 10 = 0. What is the tens digit of i?
4
Let s(t) = 57*t